hat is -4 - 49?
-52
In base 4, what is 11 - -101031?
101102
In base 3, what is 10 + 201?
211
In base 3, what is 20210102 - 22?
20210010
In base 4, what is 301 - 13?
222
In base 12, what is 323 - -4?
327
In base 4, what is 0 - -21131?
21131
In base 5, what is -3 - -322?
314
In base 3, what is 2211 + -22?
2112
In base 10, what is 1 - 6700?
-6699
In base 10, what is 61 + 0?
61
In base 15, what is -de + 1?
-dd
In base 4, what is 0 - 1031102?
-1031102
In base 15, what is 4 + -28?
-24
In base 8, what is -3 - -110?
105
In base 13, what is -15 + -49?
-61
In base 7, what is 11 - -121?
132
In base 8, what is 4 - 157?
-153
In base 2, what is 10 - -11110011000?
11110011010
In base 6, what is -2455 - -5?
-2450
In base 9, what is 6537 - 3?
6534
In base 4, what is 0 - 103230?
-103230
In base 15, what is -c - 4c?
-59
In base 2, what is 11111 - 111?
11000
In base 14, what is -2452 + 3?
-244d
In base 2, what is 10 - -1001001?
1001011
In base 10, what is -46 - -3?
-43
In base 16, what is -4 - -747?
743
In base 4, what is 31112 + 11?
31123
In base 5, what is -33 + 10?
-23
In base 7, what is -2 + 2213?
2211
In base 9, what is -46 + 20?
-26
In base 15, what is -32d - -1?
-32c
In base 11, what is 187 + -2?
185
In base 7, what is -1406 + -4?
-1413
In base 3, what is -12001 - 12?
-12020
In base 10, what is -119 - 8?
-127
In base 11, what is 435 - -1?
436
In base 11, what is -28 + -53?
-80
In base 16, what is -5 + 2?
-3
In base 9, what is 82 + -5?
76
In base 9, what is -343 + 2?
-341
In base 13, what is 13 + c?
22
In base 6, what is 1 - 110?
-105
In base 5, what is 3 + 14422?
14430
In base 14, what is -18 - c?
-26
In base 13, what is -4c63 - -3?
-4c60
In base 15, what is -1ae6 - -1?
-1ae5
In base 12, what is 1 - 4a?
-49
In base 6, what is -3041 + -2?
-3043
In base 13, what is -80b - -1?
-80a
In base 5, what is 442 - 10?
432
In base 10, what is 73 - 22?
51
In base 13, what is -1829 + 4?
-1825
In base 8, what is 111 + -24?
65
In base 11, what is -38 - -1?
-37
In base 12, what is -3a + 4?
-36
In base 2, what is -111110000 + 1?
-111101111
In base 9, what is -31 - -3?
-27
In base 15, what is -3 - -90?
8c
In base 2, what is 100000001 - 110?
11111011
In base 16, what is -b + d?
2
In base 13, what is 3 - 2b?
-28
In base 6, what is -3440 + 40?
-3400
In base 14, what is -2 + -b1?
-b3
In base 16, what is 29 + e?
37
In base 9, what is 101 - 12?
78
In base 8, what is -3 - -7555?
7552
In base 2, what is 1100 + 1001000111?
1001010011
In base 14, what is -4b3 - 4?
-4b7
In base 5, what is -4 - -12330?
12321
In base 14, what is 1 - dc3?
-dc2
In base 12, what is 4 - -236?
23a
In base 3, what is 11022 + 2?
11101
In base 8, what is -403 + -22?
-425
In base 8, what is 10 - -1613?
1623
In base 14, what is -404 + 2?
-402
In base 7, what is -30 - -1210?
1150
In base 3, what is 112000 + 0?
112000
In base 4, what is 3100 - 10?
3030
In base 12, what is -3 + 1?
-2
In base 8, what is -16 + -251?
-267
In base 6, what is 32 - -104?
140
In base 5, what is 2012 + -3?
2004
In base 9, what is -12 + -1331?
-1343
In base 13, what is 3 - 263?
-260
In base 15, what is 4 - -9e?
a3
In base 16, what is 42 + -1d?
25
In base 7, what is 20341 - 5?
20333
In base 3, what is -1 + 122202?
122201
In base 7, what is -1 + -46?
-50
In base 4, what is -1103312 + -1?
-1103313
In base 10, what is 460 + 11?
471
In base 4, what is 10 + -31010?
-31000
In base 16, what is -19 - -e?
-b
In base 7, what is 0 - -34?
34
In base 15, what is -79c9 + 0?
-79c9
In base 9, what is 0 + 2247?
2247
In base 9, what is -701 + -2?
-703
In base 13, what is -1742 - 5?
-1747
In base 14, what is 440 + 0?
440
In base 5, what is 320 - -1033?
1403
In base 2, what is -111001 + -101?
-111110
In base 4, what is -2100 - 102?
-2202
In base 4, what is -3 + 11213?
11210
In base 13, what is 4 + -262?
-25b
In base 3, what is 1 - -220020?
220021
In base 6, what is -1422 + -23?
-1445
In base 5, what is -1403 - -1?
-1402
In base 8, what is -171 - 3?
-174
In base 16, what is 26 + c?
32
In base 12, what is 66a - -3?
671
In base 7, what is -21625 + 4?
-21621
In base 14, what is 4 + -17?
-13
In base 8, what is -53 + 0?
-53
In base 15, what is 4 + -8a?
-86
In base 14, what is b + -a?
1
In base 15, what is 1a1 + -b?
195
In base 2, what is -100 + 1?
-11
In base 12, what is 5 + 25a?
263
In base 15, what is 104 + -25?
ce
In base 6, what is 10 - 435?
-425
In base 4, what is 232001 + 21?
232022
In base 6, what is 4522 - 2?
4520
In base 6, what is 21 - 14?
3
In base 10, what is 1 - -2892?
2893
In base 2, what is -101 - 1101000?
-1101101
In base 10, what is -55450 + 0?
-55450
In base 4, what is -23212 + 23?
-23123
In base 8, what is 341 + -110?
231
In base 9, what is -478 + 3?
-475
In base 11, what is 652 + -1?
651
In base 10, what is -20 - 1?
-21
In base 6, what is -15 - -32?
13
In base 10, what is -116 + -4?
-120
In base 6, what is -202255 + -2?
-202301
In base 5, what is 10 - -1400?
1410
In base 14, what is 101 + 1a?
11b
In base 7, what is -3020 - -26?
-2661
In base 2, what is 110111111 - 10?
110111101
In base 12, what is 3 - 430?
-429
In base 9, what is 2 + 3?
5
In base 3, what is 1122101 + 1?
1122102
In base 8, what is 722 + -16?
704
In base 13, what is -7 - 116?
-120
In base 13, what is 1 - -2?
3
In base 10, what is 20 + 58?
78
In base 7, what is -23236 - 1?
-23240
In base 5, what is -120341 + 2?
-120334
In base 12, what is bb2 + 3?
bb5
In base 3, what is 120 - 1112112?
-1111222
In base 14, what is -3d - -20?
-1d
In base 8, what is 3 - -54?
57
In base 8, what is -1 - 45?
-46
In base 14, what is 2 + 6b0?
6b2
In base 3, what is 11102 - 11?
11021
In base 16, what is -3 + -71?
-74
In base 2, what is -101 + -101111?
-110100
In base 6, what is 0 + 21545?
21545
In base 13, what is -261 - 0?
-261
In base 16, what is -42 + 2?
-40
In base 5, what is -130 - -24?
-101
In base 2, what is -101101100 + 100001?
-101001011
In base 10, what is 2 + 30?
32
In base 5, what is 4 + -4?
0
In base 7, what is 21023 + 1?
21024
In base 7, what is 301 + 2?
303
In base 14, what is 3 + 90c?
911
In base 4, what is 21230 - 32?
21132
In base 5, what is 411 + -33?
323
In base 2, what is -1101 - 1101011?
-1111000
In base 11, what is -5 - 5a12?
-5a17
In base 2, what is 0 + -1010000?
-1010000
In base 9, what is 0 + -8113?
-8113
In base 12, what is -387 - -5?
-382
In base 14, what is -6 + -14?
-1a
In base 9, what is 2 - 23?
-21
In base 4, what is 0 + -3211?
-3211
In base 13, what is -c6a + 8?
-c62
In base 6, what is -20331 - 4?
-20335
In base 6, what is -2 - 153?
-155
In base 8, what is -3 - -242?
237
In base 13, what is 5 - 113?
-10b
In base 5, what is -42 - -30?
-12
In base 15, what is -30 + 230?
200
In base 7, what is 6 - -135?
144
In base 13, what is -3bc + -10?
-3cc
In base 15, what is -4 + -b72?
-b76
In base 11, what is -1094 - 5?
-1099
In base 2, what is 10 - 10001101?
-10001011
In base 10, what is -3 + 199?
196
In base 16, what is d + 2d?
3a
In base 5, what is 42 + 1343?
1440
In base 4, what is -102 + -2?
-110
In base 3, what is -101111 - 0?
-101111
In base 12, what is 48a + -22?
468
In base 15, what is -2 - -6e7?
6e5
In base 12, what is 4 + 51?
55
In base 6, what is -244 - -14?
-230
In base 13, what is -7923 - 1?
-7924
In base 4, what is -1201 - 13?
-1220
In base 14, what is -3 + 38?
35
In base 5, what is -10 - 100?
-110
In base 10, what is 508 - -3?
511
In base 7, what is -201 - -4?
-164
In base 15, what is 0 + -a08?
-a08
In base 15, what is -52 + 7?
-4a
In base 7, what is 5 - 33?
-25
In base 14, what is -2 - 607?
-609
In base 6, what is -22 - 1235?
-1301
In base 8, what is 4 + -1052?
-1046
In base 4, what is 3 - 1002?
-333
In base 3, what is 212 - -2120?
10102
In base 16, what is -2dd + 0?
-2dd
In base 7, what is -2 - 423?
-425
In base 6, what is -2310 - -3?
-2303
In base 12, what is -4 + -1166?
-116a
In base 13, what is -2 + 21a4?
21a2
In base 9, what is -1 + -75?
-76
In base 11, what is -5 - 8a?
-94
In base 8, what is -2 + -1065?
-1067
In base 7, what is 0 - -151?
151
In base 16, what is d + 1da?
1e7
In base 7, what is 1112 + -11?
1101
In base 14, what is -1 + 34?
33
In base 11, what is 270 + 4?
274
In base 9, what is -21 + 2?
-18
In base 11, what is -2 - 24a6?
-24a8
In base 12, what is -4 - 128?
-130
In base 13, what is -8 + 43?
38
In base 3, what is -222121 + -101?
-222222
In base 15, what